2*t(a). Determine m(2).
-7
Let g(b) = -b**3 + 10*b**2 - 5*b - 10. Suppose i + 5 - 6 = 0, 2*i + 25 = 3*o. Give g(o).
26
Let w(v) = v**2 - 2*v - 2. Let h(i) = -2*i**2 + 3*i - 2. Let f be h(2). Let u(s) = 2*s - 4. Let k be u(1). Let g be -2 + f/k + 3. Give w(g).
1
Let p = 103 + -55. Let j(o) = 11*o + p - 50 - 4*o. Determine j(3).
19
Suppose -5*n + 86 = v, -4 - 12 = 4*v. Suppose -5*d + 5*f + 32 + n = 0, 5*d + 4*f = 14. Let z(l) be the first derivative of l**2/2 - 2. Determine z(d).
6
Let g(v) be the first derivative of -v**2/2 + 5*v - 51. Suppose -2*b + 3 = -5. Determine g(b).
1
Suppose 5*n - 9 = s - 0*s, -2*s + 5*n = 13. Let q(v) = v**2 + 2*v - 2. What is q(s)?
6
Let k(d) = 3*d + 11. Let g be -9 + ((-8)/(1 + -5) - -2). Determine k(g).
-4
Let k = -137 - -134. Let d(u) = -u**3 - 3*u**2 - 5*u - 6. Determine d(k).
9
Let k(g) = 112*g + 7. Let m(b) = 187*b + 14. Let j(p) = -5*k(p) + 3*m(p). Let y be -3*-2*(-5)/6. What is j(y)?
2
Let v(h) be the second derivative of 1/12*h**4 - 5/6*h**3 + 0 - h**2 + 3*h. Determine v(6).
4
Let w(k) = k**3 + 6*k**2 + 1. Let t(n) = -4*n + 1. Let i be t(-1). Suppose -i*d - q + 32 = 0, 5*d + 2*q - 15 = 19. Suppose 0*c - c - d = 0. Calculate w(c).
1
Let w(s) be the third derivative of s**8/6720 + s**7/840 + s**6/720 - s**5/40 + s**4/6 - 16*s**2. Let t(h) be the second derivative of w(h). Give t(-3).
-6
Let k(i) = 15*i - 2. Let d = -103 + 105. Give k(d).
28
Let f be (-5)/(50/8) - 3/15. Let i(p) = 5*p + 2. What is i(f)?
-3
Let r = 14203 + -14210. Let k(j) = 9 - 3*j - 4 + j**2 + 12*j. Give k(r).
-9
Let d(u) be the second derivative of 0 - 1/2*u**2 + 1/6*u**3 - 14*u. Give d(6).
5
Let z(t) = 5*t + 4. Suppose -36 = -6*k - 6*k. Let b(q) = -q**2 - 9*q - 7. Let y(j) = k*b(j) + 5*z(j). Give y(-1).
-2
Let v = 23 + -19. Suppose 0*k = -5*k - 4*g - 7, -v*g = -8. Let y(r) = 4*r + 6. Let l(j) = 1. Let h(a) = -4*l(a) + y(a). What is h(k)?
-10
Let q(a) = -7*a**2 - 6*a - 15. Let x(c) = -6*c**2 - 6*c - 13. Let f(b) = 5*q(b) - 6*x(b). Give f(-2).
-5
Let y(q) = 86 - 93 - 2*q + q + 2*q. Let u = 13 - 7. Determine y(u).
-1
Let i(x) = -18*x + 145 - 36 - 31 - 41 - 35. Calculate i(-1).
20
Let v(a) = -a**2 - 4*a - 1. Suppose k + 4*k = 10. Suppose -258*s + 114 = -252*s. Suppose 3*x + k*n = -0*n - s, 2*x + 12 = -n. Determine v(x).
-6
Let j(s) be the second derivative of s**5/30 + s**4/8 - 6*s**3 - 32*s. Let p(m) be the second derivative of j(m). Calculate p(-3).
-9
Let s(r) = -11*r**3 + 25*r**2 - 20*r - 9. Let c(w) = 4*w**3 - 8*w**2 + 6*w + 3. Let l(p) = 8*c(p) + 3*s(p). Determine l(10).
-23
Let o(j) = -j**2 + 10*j - 15. Let w(c) = -14*c + 66. Let i be w(4). Give o(i).
-15
Suppose y - v = 7, 3*y + 2*v + 5 = 2*y. Let w(r) = -14*r**3 - 2*r + 1 + 13*r**3 + 18*r**y. Calculate w(1).
16
Let w(g) = 11*g**2 + 3*g - 70. Let i(s) = -4*s**2 - s + 26. Let m(o) = -8*i(o) - 3*w(o). Give m(-2).
0
Let o(l) = -9 - 5 + 2 - l + 0 - 3. Calculate o(-14).
-1
Let y(u) = u + 10. Let d(w) = 1. Let n(f) = -6*d(f) + y(f). Let s be 3/(-12) + (-23)/4. What is n(s)?
-2
Let p be (3/(-4))/((-1)/(-8)). Let j(r) = 51*r + r**2 - 15 + 23 - 99*r + 57*r. Determine j(p).
-10
Let d(p) = p**2 + p - 1. Let n(h) = 19*h - 12*h - 15*h - 3*h**2 + 3. Let r(l) = -2*d(l) - n(l). Let g be (-2)/4*6/1. What is r(g)?
-10
Let s(x) = -3*x**3 - 4*x**2 + 3. Let i be s(1). Let r(p) = -4*p - 4. Calculate r(i).
12
Suppose 17*t = 19*t + 12. Let m(y) be the third derivative of 11/6*y**3 + 0 + 2*y**2 + 1/24*y**4 + 0*y. What is m(t)?
5
Let v(n) = 29 - 15 + n + n**2 + 14 - n**3. Calculate v(0).
28
Suppose -h + 64 = -9*h. Let j(k) = k**3 + 9*k**2 + 11*k + 31. Let n be j(h). Let v(q) = -q**2 + 8*q - 1. Determine v(n).
6
Suppose 0 = 4*y - 3*p - 12, 4*p = 5*y - 23 + 7. Let g(x) = -2 - x - 1 - 4 + 4. What is g(y)?
-3
Let x(h) = -h**3 - 2*h**2 + 7*h + 9. Let q be (256/20)/(-4) + 2/10. Give x(q).
-3
Let x(b) = b**2 - 8*b - 9. Let w = 21 + 3. Suppose w = d - 5*a, 0 = 4*d + a + a - 30. What is x(d)?
0
Suppose -2*k - 3*y + 27 = 0, 0 = -2*k - 5*y + 49 - 16. Let i(f) = -3 - 10 + k*f + 12. Calculate i(1).
8
Let q(g) = -g**3 - 3*g**2 - g + 1. Suppose -f + 15 = 2*f. Suppose k + 25 = 5*k - f*u, -k = -2*u - 10. Suppose 0*c - 8*c - 16 = k. Determine q(c).
-1
Suppose 0*y - 6 = 2*y. Let p(v) = -6*v**2 - 8*v - 5. Let h(q) = -7*q**2 - 9*q - 6. Let t(z) = 4*h(z) - 5*p(z). Calculate t(y).
7
Let l(p) = -3*p**2 + p. Suppose 2*o + 4*y = 22, 0 = 9*o - 8*o - 5*y + 10. Let j be ((-6)/(-4))/(1/4). Suppose -j*n = -n - o. Determine l(n).
-2
Let j(s) = 390*s**3 - s**2 + 3*s**2 - 391*s**3 - 1. Determine j(-2).
15
Let g(x) = -x**3 + x**2 + x + 1. Let k(f) = -4*f**3 + 13*f**2 + 5*f - 10. Let t(l) = 3*g(l) - k(l). Calculate t(10).
-7
Let t(c) = 7*c + 2*c - 1 - 4*c + 2*c**2. Let l(m) = 2*m**2 - 12*m - 84. Let b be l(10). What is t(b)?
11
Let d = -808 - -815. Let u(w) = -5*w + 10. Give u(d).
-25
Let w(q) = 10*q - 1. Let o(z) = 21*z - 2. Let g = 20 + -10. Let l = g - 7. Let r(j) = l*o(j) - 7*w(j). What is r(2)?
-13
Let u(g) = -6*g - 1. Let n(z) = -2*z + 2. Let r(i) = -2*n(i) + u(i). What is r(5)?
-15
Let y(w) = -w**3 + 25*w**2 - 48*w + 42. Let t be y(23). Let u(x) = -x**3 - 3*x**2 - 2*x - 1. What is u(t)?
23
Let y = 0 + 7. Let q(k) be the first derivative of k**5/120 - 7*k**4/24 + 13*k**3/3 + 15. Let c(x) be the third derivative of q(x). Determine c(y).
0
Suppose 0 = 37*t + 16 - 90. Let n(b) be the third derivative of -10*b**t + 0*b - 1/60*b**5 + 7/24*b**4 + 0 - 7/6*b**3. What is n(5)?
3
Suppose 10*b = 32 + 28. Let o(n) = 4*n**3 - 11*n**2 - 4*n**2 + 20*n**2 - 3*n**3 - b*n + 6. Give o(-6).
6
Let v be (9/3)/((-4)/(-16)). Suppose -3*o + v = -6*o. Let z(f) = f**3 + 3*f**2 - 2*f + 2. What is z(o)?
-6
Let x(i) = 2*i - 1. Suppose 0 = 4*z + 9 - 41. Suppose -3*h = -12, -t - z*h + 3 = -7*h. Give x(t).
-3
Suppose -16 = 2*a - 2. Let n(p) be the first derivative of -p**3/3 - 3*p**2 - 9*p + 308. Determine n(a).
-16
Let n(t) be the third derivative of 0*t + 1/6*t**3 - 7/24*t**4 - 11*t**2 + 1/60*t**5 + 0. What is n(5)?
-9
Let w(f) = -16*f + 3. Suppose 45 = 7*d + 31. What is w(d)?
-29
Suppose 4*s - 10 + 2 = 0. Let f(g) = -10*g**3 + 8*g**2 - 4*g + 4. Let c(a) = 3*a**3 - 2*a**2 + a - 1. Let t(k) = 7*c(k) + 2*f(k). Give t(s).
15
Let c be 1/3 - 23/(-3). Let g(p) = 4*p**3. Let b(w) = -25*w**3 + 9*w**2 - 10*w + 12. Let k(s) = -b(s) - 6*g(s). What is k(c)?
4
Suppose -4*n - 26 = -2*x, 5*x - 3*x = -n + 26. Suppose v = 2*i - 1 - x, -5*i + 42 = v. Let o(d) = d - 7. What is o(i)?
1
Let n(i) = -23*i**3 + 2*i**2 - 1. Let p be n(-1). Let c = p + -14. Let d(f) = -4*f**2 - c*f + 3*f**2 + 9*f. Calculate d(-3).
-6
Let u(p) = p**2 - 3*p + 3. Let b(h) be the third derivative of -h**4/24 - 9*h**3/2 - 5*h**2. Let s be b(-19). Let o be (s + 1)*(-2)/7. Calculate u(o).
1
Let q(w) = -5*w**2. Let d = -185 + 184. Determine q(d).
-5
Suppose 0 = -53*a + 19*a + 136. Let f(t) = -2*t**2 + 8*t + 3. Determine f(a).
3
Let k be 2/3 + 1124/(-12). Let n = -88 - k. Let y(l) = l**2 - 3*l + 7. Give y(n).
17
Suppose 4*t + 23 = -17. Let u = 10 + t. Let a(o) be the second derivative of -o**4/12 + o**3/6 - 9*o**2/2 + 26*o. What is a(u)?
-9
Suppose -u + 4*p - 13 = 0, 4*u - 9*u = p + 23. Let d(q) = -3*q**2 + 12*q + 14. Let t(r) = 2*r**2 - 6*r - 7. Let m(s) = 3*d(s) + 5*t(s). Calculate m(u).
2
Let h(g) be the second derivative of -19*g**4/12 - g**3/6 + g**2/2 - g. Suppose 5 = -m + 9. Suppose 116*y + m = 120*y. What is h(y)?
-19
Suppose -269*q = -263*q - 60. Let k(f) = f**2 - 9*f - 10. Give k(q).
0
Let c(m) = 2*m + 1. Let k(r) = 5*r + 1. Let x(v) = 9*c(v) - 4*k(v). Let d be (-314 - -314) + 1/(1/6). What is x(d)?
-7
Let h(i) = 2*i**3 + 10*i**2 + 4*i - 5. Let r be h(-4). Let k(y) = -y + 17. Calculate k(r).
6
Let z(c) be the first derivative of -1/2*c**2 - 1 - c. Let s(t) = 2*t + 10. Let y(a) = s(a) + 3*z(a). Calculate y(0).
7
Let c(i) = 5*i**2 - 5*i - 7. Let u(g) = -g**2 + 1. Let r(p) = -c(p) - 4*u(p). Let f = 6 + -4. Suppose -37 + 2 = -5*q + f*b, 0 = 2*q - 5*b - 35. Determine r(q).
3
Let c(f) be the second derivative of -1/6*f**3 + 2*f + 0 - 5/2*f**2. Suppose 3*v - 25 = 8*v. Determine c(v).
0
Let x(w) = 4*w**3 + w. Let g = 5 + 0. Suppose -5*i = -20, -g = 4*a - 5*a - i. Calculate x(a).
5
Let i(q) = q**3 + 2*q**2 - 2*q + 1. Let r(m) = 5*m - 8. Let h be r(2). Let g(w) = 5*w**3 + 7*w**2 - 8*w + 5. Let y(c) = h*g(c) - 9*i(c). G